{"id":264,"date":"2026-03-27T11:22:55","date_gmt":"2026-03-27T11:22:55","guid":{"rendered":"https:\/\/tuiluminacionve.com\/shop\/?page_id=264"},"modified":"2026-03-27T11:22:55","modified_gmt":"2026-03-27T11:22:55","slug":"politica-de-envio","status":"publish","type":"page","link":"https:\/\/tuiluminacionve.com\/shop\/politica-de-envio\/","title":{"rendered":"Pol\u00edtica de Env\u00edo"},"content":{"rendered":"\n<p class=\"has-luminous-vivid-orange-color has-text-color has-link-color has-medium-font-size wp-elements-b03dfaf5005e1bbd82394a7e1c8a5ab5\"><strong>PROCESAMIENTO DE PEDIDOS<\/strong><\/p>\n\n\n\n<p>Todos los pedidos son procesados una vez confirmado el pago.<br>El tiempo de preparaci\u00f3n puede variar entre 2 y 4 horas h\u00e1biles.<\/p>\n\n\n\n<p class=\"has-luminous-vivid-orange-color has-text-color has-link-color has-medium-font-size wp-elements-4c8d70eab1e82cc7f1ae019b0ce38f22\"><strong>M\u00c9TODOS DE ENV\u00cdO<\/strong><\/p>\n\n\n\n<p>Realizamos env\u00edos a trav\u00e9s de:<br>\u2022\u00a0Servicios de encomienda a nivel nacional MRW<br>\u2022\u00a0Delivery local (seg\u00fan disponibilidad)<br>\u2022\u00a0Retiro en tienda (opcional).<\/p>\n\n\n\n<p class=\"has-luminous-vivid-orange-color has-text-color has-link-color has-medium-font-size wp-elements-1ae29aa2561fc1762c94809722877a6e\"><strong>TIEMPOS DE ENTREGA<\/strong><\/p>\n\n\n\n<p>Los tiempos de entrega dependen de la ubicaci\u00f3n del cliente y la empresa de env\u00edos:<br>\u2022\u00a0Env\u00edos locales: entre 2 y 4 horas<br>\u2022\u00a0Env\u00edos nacionales: entre 2 a 5 d\u00edas h\u00e1biles<br>Nota: Estos tiempos son estimados y pueden variar.<\/p>\n\n\n\n<p class=\"has-luminous-vivid-orange-color has-text-color has-link-color has-medium-font-size wp-elements-05f937668debe1815b9b4184c0964ab1\"><strong>COSTOS DE ENV\u00cdOS<\/strong><\/p>\n\n\n\n<p>El costo del env\u00edo ser\u00e1 calculado seg\u00fan:<br>\u2022\u00a0Ubicaci\u00f3n del cliente<br>\u2022\u00a0Peso y tama\u00f1o del pedido<br>Este monto ser\u00e1 informado antes de confirmar la compra.<\/p>\n\n\n\n<p class=\"has-luminous-vivid-orange-color has-text-color has-link-color has-medium-font-size wp-elements-4e67b16167b14f735970d7b652d4c175\"><strong>RESPONSABILIDAD DEL ENV\u00cdO<\/strong><\/p>\n\n\n\n<p>Una vez el pedido es entregado a la empresa de env\u00edos:<br>\u2022\u00a0Tu Iluminaci\u00f3n no se hace responsable por retrasos, da\u00f1os o p\u00e9rdidas ocasionadas por la empresa de transporte.<br>\u2022\u00a0Sin embargo, brindamos apoyo y seguimiento en caso de inconvenientes.<\/p>\n\n\n\n<p class=\"has-luminous-vivid-orange-color has-text-color has-link-color has-medium-font-size wp-elements-7e9e6e992fcd530c35a950bd9cd7d5e7\"><strong>DURACI\u00d3N DE ENV\u00cdO<\/strong><\/p>\n\n\n\n<p>Es responsabilidad del cliente proporcionar una direcci\u00f3n correcta y completa. No nos hacemos responsables por errores en la informaci\u00f3n suministrada.<\/p>\n\n\n\n<p class=\"has-luminous-vivid-orange-color has-text-color has-link-color has-medium-font-size wp-elements-72e591bf80277ff63f9a03bfd6fc5c9f\"><strong>ENTREGAS FALLIDAS<\/strong><\/p>\n\n\n\n<p>En caso de que el pedido no pueda ser entregado por ausencia del cliente o direcci\u00f3n incorrecta: \u00a0\u00a0\u00a0\u00a0\u00a0\u00a0\u00a0\u00a0\u00a0\u00a0\u00a0<br>\u2022\u00a0El cliente deber\u00e1 asumir los costos de reenv\u00edo.<\/p>\n\n\n\n<p class=\"has-luminous-vivid-orange-color has-text-color has-link-color has-medium-font-size wp-elements-6528e049a6e85a7dc562c807b22d842f\"><strong>REVISI\u00d3N DEL PEDIDO<\/strong><\/p>\n\n\n\n<p>Se recomienda al cliente revisar el producto al momento de recibirlo.<br>Cualquier inconveniente debe ser reportado dentro de las primeras 24 horas despu\u00e9s de la entrega.<\/p>\n\n\n\n<p><\/p>\n","protected":false},"excerpt":{"rendered":"<p>PROCESAMIENTO DE PEDIDOS Todos los pedidos son procesados una vez confirmado el pago.El tiempo de preparaci\u00f3n puede variar entre 2 y 4 horas h\u00e1biles. M\u00c9TODOS DE ENV\u00cdO Realizamos env\u00edos a&hellip;<\/p>\n","protected":false},"author":1,"featured_media":0,"parent":0,"menu_order":0,"comment_status":"closed","ping_status":"open","template":"","meta":{"pagelayer_contact_templates":[],"_pagelayer_content":"","_joinchat":[],"footnotes":""},"class_list":["post-264","page","type-page","status-publish","hentry"],"_links":{"self":[{"href":"https:\/\/tuiluminacionve.com\/shop\/wp-json\/wp\/v2\/pages\/264","targetHints":{"allow":["GET"]}}],"collection":[{"href":"https:\/\/tuiluminacionve.com\/shop\/wp-json\/wp\/v2\/pages"}],"about":[{"href":"https:\/\/tuiluminacionve.com\/shop\/wp-json\/wp\/v2\/types\/page"}],"author":[{"embeddable":true,"href":"https:\/\/tuiluminacionve.com\/shop\/wp-json\/wp\/v2\/users\/1"}],"replies":[{"embeddable":true,"href":"https:\/\/tuiluminacionve.com\/shop\/wp-json\/wp\/v2\/comments?post=264"}],"version-history":[{"count":1,"href":"https:\/\/tuiluminacionve.com\/shop\/wp-json\/wp\/v2\/pages\/264\/revisions"}],"predecessor-version":[{"id":266,"href":"https:\/\/tuiluminacionve.com\/shop\/wp-json\/wp\/v2\/pages\/264\/revisions\/266"}],"wp:attachment":[{"href":"https:\/\/tuiluminacionve.com\/shop\/wp-json\/wp\/v2\/media?parent=264"}],"curies":[{"name":"wp","href":"https:\/\/api.w.org\/{rel}","templated":true}]}}