{"id":241,"date":"2026-03-26T10:34:36","date_gmt":"2026-03-26T10:34:36","guid":{"rendered":"https:\/\/tuiluminacionve.com\/shop\/?post_type=product&#038;p=241"},"modified":"2026-03-26T10:35:05","modified_gmt":"2026-03-26T10:35:05","slug":"lampara-cargador","status":"publish","type":"product","link":"https:\/\/tuiluminacionve.com\/shop\/producto\/lampara-cargador\/","title":{"rendered":"L\u00e1mpara Cargador"},"content":{"rendered":"<p>Optimiza tu espacio de trabajo o descanso con nuestra pr\u00e1ctica l\u00e1mpara LED con cargador integrado. Su dise\u00f1o multifuncional combina una iluminaci\u00f3n ajustable y confortable para la vista, con una base de carga r\u00e1pida para mantener tus dispositivos siempre con bater\u00eda. Olv\u00eddate de los cables enredados y dale un toque moderno, ordenado y minimalista a tu escritorio o mesa de noche con esta soluci\u00f3n tecnol\u00f3gica e inteligente.<\/p>\n","protected":false},"excerpt":{"rendered":"<p>L\u00e1mpara LED con cargador integrado. Iluminaci\u00f3n ajustable y carga r\u00e1pida para tu escritorio o mesita.<\/p>\n","protected":false},"featured_media":244,"comment_status":"open","ping_status":"closed","template":"","meta":{"pagelayer_contact_templates":[],"_pagelayer_content":"","_joinchat":[]},"product_brand":[],"product_cat":[51],"product_tag":[],"class_list":{"0":"post-241","1":"product","2":"type-product","3":"status-publish","4":"has-post-thumbnail","6":"product_cat-lamparas-led-mesa","8":"first","9":"instock","10":"shipping-taxable","11":"purchasable","12":"product-type-simple"},"_links":{"self":[{"href":"https:\/\/tuiluminacionve.com\/shop\/wp-json\/wp\/v2\/product\/241","targetHints":{"allow":["GET"]}}],"collection":[{"href":"https:\/\/tuiluminacionve.com\/shop\/wp-json\/wp\/v2\/product"}],"about":[{"href":"https:\/\/tuiluminacionve.com\/shop\/wp-json\/wp\/v2\/types\/product"}],"replies":[{"embeddable":true,"href":"https:\/\/tuiluminacionve.com\/shop\/wp-json\/wp\/v2\/comments?post=241"}],"wp:featuredmedia":[{"embeddable":true,"href":"https:\/\/tuiluminacionve.com\/shop\/wp-json\/wp\/v2\/media\/244"}],"wp:attachment":[{"href":"https:\/\/tuiluminacionve.com\/shop\/wp-json\/wp\/v2\/media?parent=241"}],"wp:term":[{"taxonomy":"product_brand","embeddable":true,"href":"https:\/\/tuiluminacionve.com\/shop\/wp-json\/wp\/v2\/product_brand?post=241"},{"taxonomy":"product_cat","embeddable":true,"href":"https:\/\/tuiluminacionve.com\/shop\/wp-json\/wp\/v2\/product_cat?post=241"},{"taxonomy":"product_tag","embeddable":true,"href":"https:\/\/tuiluminacionve.com\/shop\/wp-json\/wp\/v2\/product_tag?post=241"}],"curies":[{"name":"wp","href":"https:\/\/api.w.org\/{rel}","templated":true}]}}