{"id":475,"date":"2026-03-28T01:47:20","date_gmt":"2026-03-28T01:47:20","guid":{"rendered":"https:\/\/tuiluminacionve.com\/shop\/?post_type=product&#038;p=475"},"modified":"2026-03-28T01:47:20","modified_gmt":"2026-03-28T01:47:20","slug":"bombillo-iluminak-mr16","status":"publish","type":"product","link":"https:\/\/tuiluminacionve.com\/shop\/producto\/bombillo-iluminak-mr16\/","title":{"rendered":"Bombillo Iluminak MR16"},"content":{"rendered":"<p>Destaca los mejores elementos de tus espacios con los bombillos LED MR16 de la marca Iluminak. Su dise\u00f1o compacto y \u00f3ptica direccional los convierte en la opci\u00f3n perfecta para iluminaci\u00f3n de acento en vitrinas, obras de arte, techos de yeso y rieles decorativos. Ofrecen una luz n\u00edtida, brillante y de alta fidelidad crom\u00e1tica, garantizando un ambiente sofisticado, moderno y con un consumo energ\u00e9tico m\u00ednimo.<\/p>\n","protected":false},"excerpt":{"rendered":"<p>Bombillos LED MR16 Iluminak. Iluminaci\u00f3n direccional precisa, ideal para resaltar detalles y decoraci\u00f3n de interiores.<\/p>\n","protected":false},"featured_media":478,"comment_status":"open","ping_status":"closed","template":"","meta":{"pagelayer_contact_templates":[],"_pagelayer_content":"","_joinchat":[]},"product_brand":[],"product_cat":[28],"product_tag":[],"class_list":{"0":"post-475","1":"product","2":"type-product","3":"status-publish","4":"has-post-thumbnail","6":"product_cat-bombillos-led","8":"first","9":"instock","10":"shipping-taxable","11":"purchasable","12":"product-type-simple"},"_links":{"self":[{"href":"https:\/\/tuiluminacionve.com\/shop\/wp-json\/wp\/v2\/product\/475","targetHints":{"allow":["GET"]}}],"collection":[{"href":"https:\/\/tuiluminacionve.com\/shop\/wp-json\/wp\/v2\/product"}],"about":[{"href":"https:\/\/tuiluminacionve.com\/shop\/wp-json\/wp\/v2\/types\/product"}],"replies":[{"embeddable":true,"href":"https:\/\/tuiluminacionve.com\/shop\/wp-json\/wp\/v2\/comments?post=475"}],"wp:featuredmedia":[{"embeddable":true,"href":"https:\/\/tuiluminacionve.com\/shop\/wp-json\/wp\/v2\/media\/478"}],"wp:attachment":[{"href":"https:\/\/tuiluminacionve.com\/shop\/wp-json\/wp\/v2\/media?parent=475"}],"wp:term":[{"taxonomy":"product_brand","embeddable":true,"href":"https:\/\/tuiluminacionve.com\/shop\/wp-json\/wp\/v2\/product_brand?post=475"},{"taxonomy":"product_cat","embeddable":true,"href":"https:\/\/tuiluminacionve.com\/shop\/wp-json\/wp\/v2\/product_cat?post=475"},{"taxonomy":"product_tag","embeddable":true,"href":"https:\/\/tuiluminacionve.com\/shop\/wp-json\/wp\/v2\/product_tag?post=475"}],"curies":[{"name":"wp","href":"https:\/\/api.w.org\/{rel}","templated":true}]}}