{"id":715,"date":"2026-03-31T10:36:58","date_gmt":"2026-03-31T10:36:58","guid":{"rendered":"https:\/\/tuiluminacionve.com\/shop\/?post_type=product&#038;p=715"},"modified":"2026-04-04T10:53:11","modified_gmt":"2026-04-04T10:53:11","slug":"cinta-led-cob-12v-5-metros","status":"publish","type":"product","link":"https:\/\/tuiluminacionve.com\/shop\/producto\/cinta-led-cob-12v-5-metros\/","title":{"rendered":"Cinta LED COB 12v 5 metros"},"content":{"rendered":"<p>Consigue acabados est\u00e9ticos de primer nivel con nuestra cinta LED COB de 12V. Su avanzada tecnolog\u00eda de chip continuo elimina los molestos puntos de luz, proporcionando una iluminaci\u00f3n lineal, uniforme y muy elegante. Al operar con bajo voltaje, es la soluci\u00f3n m\u00e1s segura y vers\u00e1til para iluminar interiores de cl\u00f3sets, estanter\u00edas comerciales, perfiles de aluminio y mobiliario, garantizando un dise\u00f1o limpio y verdaderamente profesional.<\/p>\n","protected":false},"excerpt":{"rendered":"<p>Cinta LED COB 12V. Iluminaci\u00f3n lineal continua, sin puntos visibles, ideal para perfiles y muebles.<\/p>\n","protected":false},"featured_media":863,"comment_status":"open","ping_status":"closed","template":"","meta":{"pagelayer_contact_templates":[],"_pagelayer_content":"","_joinchat":[]},"product_brand":[],"product_cat":[53],"product_tag":[],"class_list":{"0":"post-715","1":"product","2":"type-product","3":"status-publish","4":"has-post-thumbnail","6":"product_cat-cintas-led","8":"first","9":"instock","10":"shipping-taxable","11":"purchasable","12":"product-type-simple"},"_links":{"self":[{"href":"https:\/\/tuiluminacionve.com\/shop\/wp-json\/wp\/v2\/product\/715","targetHints":{"allow":["GET"]}}],"collection":[{"href":"https:\/\/tuiluminacionve.com\/shop\/wp-json\/wp\/v2\/product"}],"about":[{"href":"https:\/\/tuiluminacionve.com\/shop\/wp-json\/wp\/v2\/types\/product"}],"replies":[{"embeddable":true,"href":"https:\/\/tuiluminacionve.com\/shop\/wp-json\/wp\/v2\/comments?post=715"}],"wp:featuredmedia":[{"embeddable":true,"href":"https:\/\/tuiluminacionve.com\/shop\/wp-json\/wp\/v2\/media\/863"}],"wp:attachment":[{"href":"https:\/\/tuiluminacionve.com\/shop\/wp-json\/wp\/v2\/media?parent=715"}],"wp:term":[{"taxonomy":"product_brand","embeddable":true,"href":"https:\/\/tuiluminacionve.com\/shop\/wp-json\/wp\/v2\/product_brand?post=715"},{"taxonomy":"product_cat","embeddable":true,"href":"https:\/\/tuiluminacionve.com\/shop\/wp-json\/wp\/v2\/product_cat?post=715"},{"taxonomy":"product_tag","embeddable":true,"href":"https:\/\/tuiluminacionve.com\/shop\/wp-json\/wp\/v2\/product_tag?post=715"}],"curies":[{"name":"wp","href":"https:\/\/api.w.org\/{rel}","templated":true}]}}